 Suppose 4*s - h + j = 2*h, -4*s = -2*h + 22. Let y = 13 + s. What is the units digit of y?
7
Suppose 2*r - r = 3*f + 451, 0 = -2*f + 5*r - 279. Let i = -62 - f. Suppose 4*s - i = -14. What is the units digit of s?
9
Suppose w - 9 = -2*w. Let g = w + 0. Suppose 4*c = -d + 27, -g*c = -5*d - 18 - 31. What is the units digit of c?
8
Let v be (4/(-2) - -1)*5. Let k(s) = -s**3 - 5*s**2 - 3*s - 7. Let f be k(v). Suppose -f = n - 5*n. What is the units digit of n?
2
Let t(b) = -129*b**3 + b**2 - 2*b - 2. What is the units digit of t(-1)?
0
Suppose -4*p - 5*m + 10 = -37, 2*p + 2*m = 26. Let v be (-75)/6 + (-2)/4. Let n = p + v. What is the units digit of n?
5
Let u(c) = -c**2 - 9*c - 5. Let t be u(-8). Suppose -8*v + t*v = -120. What is the tens digit of v?
2
Let x = -6 + -2. Let k(d) = d**2 + 7*d - 2. What is the units digit of k(x)?
6
Let h = 26 + -18. Suppose 6*q - 2*q = -h. What is the units digit of 2/2 - (-10 - q)?
9
Suppose -2*b - 22 = 4*y, 2*b - 4*y - 31 = 7*b. Let q be 39/4 - b/(-4). What is the units digit of (24/q)/((-2)/(-3))?
4
Let z = 66 + -28. What is the tens digit of z?
3
Let l = -111 - -162. What is the units digit of l?
1
Suppose y = 5*g + 57, 4*g - 2*y + 50 = y. Let c = 18 + g. What is the units digit of c?
7
Let q be 4*(-1)/8*-4. Let c = -25 - -39. Suppose -2 = -q*l + c. What is the units digit of l?
8
Suppose -b = 3*a + 11 + 19, 0 = 5*b + 5*a + 200. Let t = b + 63. What is the tens digit of t?
1
Let c(r) = 5*r**2 - 4. What is the units digit of c(-4)?
6
Suppose 0 = -6*k + 125 - 35. What is the units digit of k?
5
Suppose 0 = -0*p + 5*p. What is the units digit of (p + 20)/(1 - 0)?
0
Suppose -32 = 5*u - 3*u. What is the units digit of (5 + 0)*u/(-16)?
5
Let d(n) = -9*n. Let h(b) = 9*b - 1. Let a(s) = 6*d(s) + 5*h(s). What is the units digit of a(-3)?
2
Let v(i) = 3*i**2 - 10*i + 17. What is the units digit of v(8)?
9
Let d(w) = w**2 - 4*w + 304. What is the hundreds digit of d(0)?
3
Let d be 0/(-1)*(-6)/12. Suppose c + 5*r = 0, -2*c + 52 = -7*c + r. Let b = d - c. What is the units digit of b?
0
Let n(s) be the third derivative of s**4/24 - 4*s**3/3 - 2*s**2. Let k be n(-6). Let v = k - -29. What is the units digit of v?
5
Let f = 221 - 117. Suppose 5*r = 3*t + f, -2*r - 8 = t - 54. What is the units digit of r?
2
Suppose 2*j - 6 = -0. Let h(s) = -s**j + 6*s**2 - 3 + 5*s**2 + 2*s + 7*s - 6*s**2. What is the tens digit of h(6)?
1
Suppose 2*t - 2 = -2*u, 3*t - t - 1 = -u. Suppose -16 = -o - t*o. Suppose 4*q - o = 4. What is the units digit of q?
5
Let t = -104 + 154. What is the tens digit of t?
5
Let p = 379 + -228. What is the tens digit of p?
5
Let w(s) = -s**3 - 9*s**2 - 2*s - 10. Let o(j) = j**2 + 9*j. Let n be o(-5). Let u = n + 11. What is the units digit of w(u)?
8
Let f(z) = 3*z**3 - 6*z**2 + 5. What is the hundreds digit of f(4)?
1
Let y(o) = o**2 + 5*o. Let l be y(-6). Let p(c) = 2*c + 7. Let h be p(l). Suppose -4*d - h = -5*d. What is the units digit of d?
9
Suppose 6*r - 5*r = -2. Let b be 244/6 - r/(-3). Suppose 0 = -t - 3*t + b. What is the tens digit of t?
1
Let i be (36/(-21))/((-4)/14). Suppose 2*a - i + 0 = 0. What is the units digit of a?
3
Let n(y) be the third derivative of -y**2 - 1/6*y**3 + 1/12*y**4 + 0*y + 1/60*y**5 + 0. What is the units digit of n(-3)?
2
Let m(d) = -2*d**3 + 11*d**2 + 4*d. Let c(q) = 3*q**2 - q + q**3 - 5*q**2 + q**2. Let f(y) = -3*c(y) - m(y). What is the units digit of f(-8)?
8
Let s = 526 + -289. What is the units digit of s/21 - 4/14?
1
Let a = -15 - -14. What is the units digit of a/(3 + 352/(-116))?
9
Let h(p) = p**2 + 2*p - 25. What is the tens digit of h(-9)?
3
Let g = -16 - -32. What is the units digit of g?
6
Let k(z) = 2*z + 1. Let p be k(1). Let n(m) = 4*m - 4. What is the units digit of n(p)?
8
Suppose -7*m + 10*m - 15 = 0. Suppose m*q - 87 = 58. What is the tens digit of q?
2
Let o(i) = 6 - i**3 - 18*i**2 - 3*i - 2*i + 24*i**2. What is the units digit of o(4)?
8
Suppose -2*w + 10 = -0*w. Suppose h = w*h - 16. Suppose 2*v - 5*m - 8 = 0, -h*m + 27 = -5*v + 64. What is the units digit of v?
9
Suppose 3*z - 2*z = 3. Suppose z*p - 10 = -2*p. What is the units digit of p?
2
What is the tens digit of 2/(-8) + 488/32?
1
Let q = -20 + 20. Suppose 4*t - 41 = -5*i, -1 + q = t - i. What is the units digit of t?
4
Suppose o - 2*o + 3*r = 34, 2*o + 3*r + 104 = 0. Let f = 69 + o. What is the tens digit of f?
2
Let h = -136 + 221. What is the units digit of h?
5
Suppose -3*r = r - 52. What is the units digit of r?
3
Let x = 57 + -40. What is the units digit of x?
7
Let s(g) = -g**3 - 7*g**2 + 8*g + 5. Let l be s(-8). Suppose -c = -4*c + 6. Suppose 3*k - 8 = l*b, -k + 1 + c = -2*b. What is the units digit of k?
1
Suppose -4*w + w + l = -257, -8 = -2*l. What is the units digit of w?
7
What is the units digit of (-5)/(15/(-6)) - -1?
3
What is the units digit of ((-18)/(-8))/((-17)/(-1292))?
1
Let s = -14 - -6. Let r(a) = -a**3 - 8*a**2 + 8. What is the units digit of r(s)?
8
Let x(i) = -i**2 - 5*i + 4. Let n be x(-5). Let g = 12 - 9. Suppose g*f = 2*t + 5*f - 6, -3*f - 40 = -n*t. What is the units digit of t?
7
Suppose 8*c = 12*c - 8. Suppose 2*h - 3*r = 27, 19 - 61 = -4*h + c*r. What is the units digit of h?
9
Let o(u) = 2*u - 6. Let x be o(-5). Let y = 55 + x. What is the tens digit of y?
3
Suppose -4*i = -17 - 3. Suppose -g - 4*h + 6 = 0, -h - 5 = -i*g - 17. What is the units digit of g/4*18/(-1)?
9
Let a be 8 - (4 - 2)/(-1). Let r = 0 + 2. Suppose -2*c + 25 = 5*w - c, -r*w - 3*c = -a. What is the units digit of w?
5
Let p = 55 - -4. What is the units digit of p?
9
Suppose 18*p - 895 = 13*p. What is the hundreds digit of p?
1
Let u be (-40)/6*(-6)/4. Suppose 4 = 2*t - u. Let l = t - 4. What is the units digit of l?
3
Let o(s) = s**2 - 6*s + 7. Let u be o(5). Suppose -7 = u*g - 35. Suppose -2*a - n - g = -5*a, 5*a - 10 = -n. What is the units digit of a?
3
Suppose 9 = -v + 11. What is the tens digit of ((-30)/(-4) - -3)*v?
2
Let f(p) be the second derivative of -p**3 + p**2 - p. What is the units digit of f(-3)?
0
Let s be (0 - 0)/((-2)/(-1)). Suppose 2*z - q - 70 = s, -3*z + 81 = -q - 24. What is the tens digit of z?
3
Let o(g) = g - 6*g + 0*g. Let s be o(-1). Suppose -2*b - 21 = -j, 0*b - b = -s*j + 105. What is the units digit of j?
1
Let k(p) = -3*p**3 - 7*p**2 - 5*p - 4. What is the units digit of k(-5)?
1
Let i(v) = -2*v - 3. Suppose -x + 4 - 7 = 0. Let p be i(x). Suppose -3*f + 2*f = -p. What is the units digit of f?
3
Let v(d) be the third derivative of -d**4/24 + d**3/6 + d**2. Let b = 23 - 26. What is the units digit of v(b)?
4
Let z = -10 + 29. Let i = z - 10. What is the units digit of i?
9
Let l(f) = 3*f + 1. Let r be l(1). Suppose r*n = 4*b + 64, b + 0 = 4*n - 73. Let s = n - 11. What is the units digit of s?
8
Suppose 5*p = 4*u - 143, u + p = 4*p + 41. Let l = -9 + u. What is the tens digit of l?
2
Let z(i) = i + 80. Let s be z(0). Let f = -54 + s. What is the units digit of f?
6
Let y be (-1 + 1)*2/4. Suppose 4*u + 3*j = 2*u + 52, 4*u - 4*j - 84 = y. What is the units digit of u?
3
Let q = 4 + -1. Suppose q*t + 17 = -w + 6*w, 5*t - 4*w = -11. What is the units digit of t?
1
Let c(n) = 2*n - 4. Let g = -7 + 12. Let z be c(g). Let a = -4 + z. What is the units digit of a?
2
Let l = -78 - -160. What is the units digit of l?
2
Suppose -4*j = -2*t - 36, 2*j + 4*t + 48 = 7*j. What is the units digit of j?
8
Suppose -5*a + 4 = -4*a - 2*g, 3*g = 3*a - 6. Suppose a = -n + 4*n. Suppose n = k - 4*k + 45. What is the tens digit of k?
1
Let q(j) = -5*j + 1. Let x(n) = -4*n + 2. Let i(o) = o**3 - o**2 - 3. Let h be i(0). Let g(z) = h*q(z) + 4*x(z). What is the tens digit of g(-5)?
1
What is the tens digit of (41/(-4))/((-1)/4)?
4
Suppose -5*x + 6 = -3*r, 11*r = -4*x + 6*r + 27. Suppose 21*h - 12*h = 18. Suppose -2*y = -2*d + 6, 2*y - x*d = h*d - 21. What is the units digit of y?
2
Let l = 28 - 2. What is the tens digit of l?
2
Suppose 2*f + 172 = 6*f. What is the tens digit of f?
4
Let x(k) = 3*k + 4. Suppose -3*n + n - 6 = 0. Let g be x(n). Let z = g - -9. What is the units digit of z?
4
Let v = 3 - 5. Suppose -3*y + 3 = -0. What is the units digit of y/v + 57/6?
9
Suppose -4*d + 1199 = 7*d. What is the units digit of d?
9
Let l = -10 - -3. Let b = 61 - l. Suppose g + 3*g = b. What i